at is 4 + aa?
ae
In base 8, what is 26 + 156?
204
In base 5, what is 1041 - -3?
1044
In base 3, what is 221 + -2120?
-1122
In base 13, what is -1050 + 5?
-1048
In base 11, what is 2 + -a9?
-a7
In base 16, what is -5 + -bdb?
-be0
In base 9, what is 0 + -103?
-103
In base 13, what is 230 + 2?
232
In base 11, what is -3 - 7?
-a
In base 3, what is 212112221 - -12?
212120010
In base 2, what is 100110 - -11011010?
100000000
In base 4, what is 1223 + -2?
1221
In base 4, what is -11 - -313?
302
In base 8, what is 165 + 2?
167
In base 3, what is 1201 + 101?
2002
In base 8, what is 7 + -11?
-2
In base 16, what is 3 + 3a1?
3a4
In base 12, what is 65 - 130?
-87
In base 5, what is 414 + 311?
1230
In base 8, what is 1 + 563?
564
In base 12, what is -235a + 1?
-2359
In base 5, what is 4 - 34234?
-34230
In base 16, what is -1fa + -4?
-1fe
In base 10, what is -5 + -115?
-120
In base 14, what is -38c + 26?
-366
In base 4, what is -20003 - 10?
-20013
In base 13, what is -195 + 1?
-194
In base 4, what is -211001 + 12?
-210323
In base 15, what is -7d + -5?
-83
In base 16, what is 4f - -2?
51
In base 15, what is a3 - -2?
a5
In base 7, what is -4 + -213?
-220
In base 12, what is 25 + -12?
13
In base 14, what is 81 - a?
75
In base 16, what is -5 - -12?
d
In base 6, what is -13 - -553?
540
In base 15, what is 143 + 5?
148
In base 3, what is 200 - 1200?
-1000
In base 11, what is -740 + 1?
-73a
In base 9, what is 1 + -5251?
-5250
In base 11, what is -9 - 162?
-170
In base 7, what is 444 - -1?
445
In base 7, what is -3 + -66?
-102
In base 8, what is 10675 - -5?
10702
In base 7, what is 10206 - -2?
10211
In base 9, what is -23388 + 1?
-23387
In base 10, what is 2992 - -2?
2994
In base 8, what is -41 + 10?
-31
In base 14, what is -49c6 + -1?
-49c7
In base 5, what is -111 + -42?
-203
In base 9, what is 1 - 555?
-554
In base 12, what is 1b + -1a6?
-187
In base 10, what is -10 + 18?
8
In base 7, what is 21 + 3?
24
In base 6, what is 11 - 1012?
-1001
In base 16, what is 3 - -25?
28
In base 9, what is 4 + 12?
16
In base 2, what is -101000 + -1?
-101001
In base 16, what is 2a - 33?
-9
In base 16, what is 8f + -5?
8a
In base 13, what is -24 + -13?
-37
In base 2, what is 1001011000 - 1?
1001010111
In base 2, what is 11 - -1000110010?
1000110101
In base 4, what is -1302 - -2?
-1300
In base 16, what is -127 - -31?
-f6
In base 13, what is 14c + 1a?
169
In base 11, what is -34 - 94?
-118
In base 10, what is 8 - 132?
-124
In base 7, what is 4 - -4352?
4356
In base 8, what is -2 - 521?
-523
In base 10, what is 5 + -155?
-150
In base 16, what is -6 - 17?
-1d
In base 7, what is -4453 - 0?
-4453
In base 11, what is 10 + 3?
13
In base 15, what is 7 + -130?
-128
In base 16, what is 324 + -3?
321
In base 9, what is -1 + -1258?
-1260
In base 3, what is -121122 - -2?
-121120
In base 5, what is -214 + -3212?
-3431
In base 7, what is -3 - 6635?
-6641
In base 5, what is -312 + -1?
-313
In base 11, what is 1 - -351?
352
In base 11, what is 19 + 422?
440
In base 9, what is -16 + -15?
-32
In base 11, what is 9 - 5?
4
In base 6, what is -40 - -5?
-31
In base 16, what is -5c + -a?
-66
In base 4, what is -10 + 32?
22
In base 11, what is -119 - 5?
-123
In base 10, what is -118 + -1?
-119
In base 16, what is -12 + 3?
-f
In base 12, what is 4 - 82?
-7a
In base 10, what is -4 + -179?
-183
In base 11, what is -628 + 0?
-628
In base 3, what is -20 - 211?
-1001
In base 16, what is 1 + 385?
386
In base 12, what is -4 + -2?
-6
In base 11, what is -4 + 2aa?
2a6
In base 7, what is 4 + -65?
-61
In base 7, what is 36 - 435?
-366
In base 10, what is -2 - -33?
31
In base 2, what is 10 - -1100011010?
1100011100
In base 16, what is 0 - 37?
-37
In base 3, what is -111021 + 0?
-111021
In base 14, what is -3 + -43?
-46
In base 6, what is 5532 + 3?
5535
In base 12, what is 32b3 - -3?
32b6
In base 9, what is -3 + 4?
1
In base 5, what is -4 - -24340?
24331
In base 10, what is 51 + -9?
42
In base 2, what is 1001 + -1101001?
-1100000
In base 2, what is -100110 + 11?
-100011
In base 12, what is 602 - -13?
615
In base 9, what is -13 + 64?
51
In base 4, what is -3000213 + 10?
-3000203
In base 14, what is -5 - -959?
954
In base 9, what is 57 + 10?
67
In base 5, what is 13312 + 4?
13321
In base 4, what is -13332 + 3?
-13323
In base 4, what is 20 + 20?
100
In base 3, what is 100 + -122?
-22
In base 6, what is 120 - -5?
125
In base 4, what is 10233 + -20?
10213
In base 12, what is -27b2 + 2?
-27b0
In base 7, what is -160 + 140?
-20
In base 13, what is 56 + 14?
6a
In base 12, what is 3a8 - -22?
40a
In base 12, what is -31 - -22?
-b
In base 2, what is 100 - -1101100?
1110000
In base 14, what is -9 + -7?
-12
In base 9, what is 3 - 153?
-150
In base 15, what is 6919 + -4?
6915
In base 5, what is 1313412 - -2?
1313414
In base 5, what is 34301 - 1?
34300
In base 12, what is -12 + 47?
35
In base 14, what is 47 - -1?
48
In base 8, what is 2 + -20?
-16
In base 9, what is 82 + -1?
81
In base 4, what is -1 + 1333?
1332
In base 4, what is -33 - 3121?
-3220
In base 9, what is 14 - -35?
50
In base 3, what is 2 + -100021?
-100012
In base 3, what is -2 - -2000012?
2000010
In base 8, what is -53 + -11?
-64
In base 10, what is -7 - 71?
-78
In base 14, what is 35 + 1b?
52
In base 15, what is -26 - 4?
-2a
In base 4, what is 11 - -320112?
320123
In base 10, what is -259 - -4?
-255
In base 6, what is 5 + 454?
503
In base 6, what is 104012 - -1?
104013
In base 5, what is -4 - 221?
-230
In base 9, what is 28 + -35?
-6
In base 16, what is -24 + -15?
-39
In base 14, what is 2 - 40b?
-409
In base 10, what is 24961 - 3?
24958
In base 15, what is 5 - 9a3?
-99d
In base 4, what is -1211 - 0?
-1211
In base 12, what is -39b8 + 1?
-39b7
In base 12, what is 14 + 31?
45
In base 9, what is 118 + -5?
113
In base 15, what is 1 + -52?
-51
In base 6, what is 35 - 55?
-20
In base 7, what is -552 + -2?
-554
In base 10, what is 14 + -234?
-220
In base 15, what is 8 + -1e?
-16
In base 2, what is -1001010100001 + 101?
-1001010011100
In base 13, what is 116 + -3?
113
In base 13, what is -4 - 130?
-134
In base 9, what is -2477 - -5?
-2472
In base 4, what is -20000 + -3?
-20003
In base 8, what is 2 - 277?
-275
In base 13, what is -16 + -45?
-5b
In base 3, what is 2 + 1010220?
1010222
In base 15, what is -5c6 + -4?
-5ca
In base 13, what is -36 - -40?
7
In base 2, what is 11 + 10101110000?
10101110011
In base 2, what is 100100010 - -10?
100100100
In base 10, what is -3 - 63?
-66
In base 15, what is c - 45?
-38
In base 9, what is 4 - -112?
116
In base 10, what is 2 + 49?
51
In base 6, what is 1 - 4130?
-4125
In base 16, what is 40e - 1?
40d
In base 8, what is 1 - -44?
45
In base 9, what is 4 - -2264?
2268
In base 5, what is 1223 + -1?
1222
In base 7, what is 16441 - 4?
16434
In base 12, what is -132 - b6?
-228
In base 16, what is 2 + -10?
-e
In base 7, what is 3 + 1404?
1410
In base 5, what is 2 + 333?
340
In base 9, what is 3 - -157?
161
In base 4, what is 11 + 1202?
1213
In base 7, what is -22 + -16?
-41
In base 16, what is -183 + 3?
-180
In base 5, what is 402301 + -2?
402244
In base 7, what is -6 - -30?
21
In base 10, what is -550 + 16?
-534
In base 3, what is -11200 + 12?
-11111
In base 14, what is 5 - 73?
-6c
In base 11, what is -10 - -2363?
2353
In base 13, what is -39 - 4b?
-87
In base 14, what is -4 - -241?
23b
In base 4, what is 10032 + 1?
10033
In base 8, what is -27072 + -2?
-27074
In base 9, what is 5 - -262?
267
In base 12, what is 27b + -5?
276
In base 11, what is -180 - 9?
-189
In base 16, what is 69 - 1?
68
In base 14, what is -2 - a57?
-a59
In base 8, what is -26 - 17?
-45
In base 14, what is 0 + -83a?
-83a
In base 12, what is 1 + -141?
-140
In base 7, what is 23524 + -3?
23521
In base 12, what is -5 + -4a4?
-4a9
In base 2, what is 10 + -10100011?
-10100001
In base 13, what is -28 - -64?
39
In base 7, what is 116 - -5?
124
In base 12, what is 3 + -1731?
-172a
In base 16, what is 7 - -5c?
63
In base 10, what is -9 - -162?
153
In base 11, what is 318 - -2?
31a
In base 15, what is -998 + 1?
-997
In base 5, what is 2014 + 10?
2024
In base 2, what is -111 - -100110000?
100101001
In base 8, what is 3243 - -3?
3246
In base 7, what is 405 - 1?
404
In base 9, what is 7 - 6?
1
In base 9, what is 2428 + 1?
2430
In base 5, what is 2 + -2101?
-2044
In base 12, what is -3 - 35